{"id":2097,"date":"2016-09-16T12:07:48","date_gmt":"2016-09-16T11:07:48","guid":{"rendered":"http:\/\/lauracampmany.com\/?page_id=2097"},"modified":"2016-09-30T13:06:56","modified_gmt":"2016-09-30T12:06:56","slug":"del-amor-del-agua","status":"publish","type":"page","link":"https:\/\/lauracampmany.com\/?page_id=2097","title":{"rendered":"Del Amor o del agua"},"content":{"rendered":"<h4><b>DEL AMOR O DEL AGUA (Bit\u00e1cora, Madrid, 1993)<\/b><\/h4>\n<p>El d\u00eda 15 de diciembre de 1992, un jurado compuesto por Claudio Rodr\u00edguez, como Presidente, F\u00e9lix Grande, Rafael Montesinos, Juan Van-Halen, Fernando Beltr\u00e1n y Eduardo Huertas, como Vocales; y Carlos Ares como Secretario, otorg\u00f3 el Premio de Poes\u00eda Feria del Libro de Madrid a <b>Del amor o del agua<\/b>, de Laura Campmany.<\/p>\n<div class=\"issuuembed\" style=\"width: 800px; height: 566px;\" data-configid=\"26264592\/38846430\"><\/div>\n<p><script src=\"\/\/e.issuu.com\/embed.js\" async=\"true\" type=\"text\/javascript\"><\/script><\/p>\n","protected":false},"excerpt":{"rendered":"<p>DEL AMOR O DEL AGUA (Bit\u00e1cora, Madrid, 1993) El d\u00eda 15 de diciembre de 1992, un jurado compuesto por Claudio Rodr\u00edguez, como Presidente, F\u00e9lix Grande, Rafael Montesinos, Juan Van-Halen, Fernando Beltr\u00e1n y Eduardo Huertas, como Vocales; y Carlos Ares como Secretario, otorg\u00f3 el Premio de Poes\u00eda Feria del Libro de Madrid a Del amor o<\/p>\n<div><a class=\"btn-filled btn\" href=\"https:\/\/lauracampmany.com\/?page_id=2097\" title=\"Del Amor o del agua\">Read More<\/a><\/div>\n","protected":false},"author":1,"featured_media":0,"parent":0,"menu_order":0,"comment_status":"closed","ping_status":"closed","template":"","meta":[],"_links":{"self":[{"href":"https:\/\/lauracampmany.com\/index.php?rest_route=\/wp\/v2\/pages\/2097"}],"collection":[{"href":"https:\/\/lauracampmany.com\/index.php?rest_route=\/wp\/v2\/pages"}],"about":[{"href":"https:\/\/lauracampmany.com\/index.php?rest_route=\/wp\/v2\/types\/page"}],"author":[{"embeddable":true,"href":"https:\/\/lauracampmany.com\/index.php?rest_route=\/wp\/v2\/users\/1"}],"replies":[{"embeddable":true,"href":"https:\/\/lauracampmany.com\/index.php?rest_route=%2Fwp%2Fv2%2Fcomments&post=2097"}],"version-history":[{"count":4,"href":"https:\/\/lauracampmany.com\/index.php?rest_route=\/wp\/v2\/pages\/2097\/revisions"}],"predecessor-version":[{"id":2303,"href":"https:\/\/lauracampmany.com\/index.php?rest_route=\/wp\/v2\/pages\/2097\/revisions\/2303"}],"wp:attachment":[{"href":"https:\/\/lauracampmany.com\/index.php?rest_route=%2Fwp%2Fv2%2Fmedia&parent=2097"}],"curies":[{"name":"wp","href":"https:\/\/api.w.org\/{rel}","templated":true}]}}